rime factors of p?
5, 4793
Let b(a) = -a**3 - 7*a**2 + 9*a + 4. Let q be b(-8). Suppose 0 = 6*f - 5*f + 352. What are the prime factors of q/(-6) - (-5 - f/(-12))?
5, 7
Let n be 3*((-8)/(-3) + -2). Suppose 4*z - 2*c + 432 = 6*z, -n*z = -4*c - 420. What are the prime factors of z?
2, 107
Suppose 2*g + 3*h = 15, -g + 3*h + 6 = 4*h. Let u(l) = 4*l + g*l + 19 - 4*l - 2*l. List the prime factors of u(-15).
2
Let z = 6 + 12. Let m = z - -123. Let a = m - 38. What are the prime factors of a?
103
Let p(g) = 637*g**2 + 119*g + 1211. What are the prime factors of p(-11)?
7, 1571
Suppose 5*b = t - 2212, -9*t - b = -11*t + 4469. Suppose 1336 + t = 3*h - 2*g, -3*g = h - 1202. What are the prime factors of h?
1193
Let y = -312 - -344. What are the prime factors of (-14)/4 - 16/y - -1380?
2, 43
Suppose -2794 = -y - 5*p, 4613 = -4*y - 4*p + 15837. What are the prime factors of y?
53
Let v = 8189 - -1196. What are the prime factors of v?
5, 1877
Let y = 5197 - -6751. What are the prime factors of y?
2, 29, 103
Let i be (-154)/(-12) + 2/12. Let j be (-122)/8*52/i. Let b = 109 + j. What are the prime factors of b?
2, 3
Suppose -s - 80756 = -4*b, 29*s = 3*b + 28*s - 60567. What are the prime factors of b?
13, 1553
Let f(p) = -516 - 6*p + 6*p**2 + 506 + 2*p**2 - p**3. Let c be f(6). Suppose c*t - 28*t + 574 = 0. List the prime factors of t.
7, 41
Let h = 37893 - 19108. What are the prime factors of h?
5, 13, 17
Let d(u) be the first derivative of 51 + 95/2*u**2 + 9*u. What are the prime factors of d(1)?
2, 13
Let h(a) = 11*a - 10. Suppose 3*i + 28 = -5*m - 2, -3*m = 3*i + 24. Let z be h(i). Let d = 101 + z. List the prime factors of d.
2, 3
Let j(l) = -840*l - 2527. List the prime factors of j(-5).
7, 239
Suppose -11*w = -3151 - 46910. List the prime factors of w.
3, 37, 41
Suppose -33404 = -2*a - 4*c, -11*a + 15*a - 2*c - 66808 = 0. List the prime factors of a.
2, 7, 1193
Let p = -58184 - -110799. List the prime factors of p.
5, 17, 619
Suppose 4*z + 589 = -55. Let a = z + 548. List the prime factors of a.
3, 43
List the prime factors of (12/56*14)/((-9)/(-36804)).
2, 3067
Suppose -7*p + 5*p + 68 = 0. Suppose 4*h = 98 - p. What are the prime factors of h/56 - 948/(-14)?
2, 17
Let g(q) = -12*q**2 - 597*q + 73. List the prime factors of g(-44).
3109
List the prime factors of (-310050)/(-81) + -9 + (-12)/(-54).
3, 19, 67
What are the prime factors of (-31054744)/(-1078) + (-2)/7 - 84/(-154)?
2, 13, 277
What are the prime factors of 1095 + 12/36*-33?
2, 271
Suppose 59*w = 13721 + 67286. List the prime factors of w.
1373
Let b = 3 - 3. Let i(k) = -k**2 + 5*k - 95. Let f(a) = -a**2 + a. Let j(u) = 3*f(u) - i(u). What are the prime factors of j(b)?
5, 19
Let l(v) = 2*v**3 - 54*v**2 + 4*v - 97. Let z be l(27). Suppose -a + 2*d - 3*d + 51 = 0, 4*d = -a + 66. Suppose a + z = y. List the prime factors of y.
3, 19
Let x be 21 + 1 + -3 + 0. Suppose -x*r = -12*r - 2191. What are the prime factors of r?
313
Suppose -14*j = 25*j - 78. List the prime factors of 2/(4*j/1324).
331
Let q = -1515 + 2702. What are the prime factors of q?
1187
Let a = -85 - -85. Suppose 5*q = -5*j + 40, 5*j + q - 50 - 6 = a. What are the prime factors of j?
2, 3
Suppose 5*z + 45*z - 298000 = 0. List the prime factors of z.
2, 5, 149
Suppose 5*v = -3*c + 80, -4*c + 43 = 2*v - 5*c. Suppose -87570 = v*u - 64*u. What are the prime factors of u?
2, 7, 139
Suppose -19*w - 86768 = -35*w. What are the prime factors of w?
11, 17, 29
Let n = 631 - 629. Suppose n*p - 346 = 180. What are the prime factors of p?
263
Suppose -5*o + 54 = 2*i, 22 = 5*o + 3*i - 34. Suppose o*r - 3791 - 6699 = 0. What are the prime factors of r?
1049
Let s(j) = 10*j**2 - 232*j - 377. List the prime factors of s(67).
59, 491
Suppose 4*v - 2*m = -0*m + 3814, 3*v + 5*m = 2854. Let u = -547 + v. Suppose -4*x + u = -t - t, 0 = -3*x - t + 317. What are the prime factors of x?
2, 13
Let h(w) = -19*w - 19. Let d(o) = -18*o - 19. Let b(r) = 4*d(r) - 5*h(r). List the prime factors of b(9).
2, 113
Let s(h) = h**2 + 18*h - 91. Let q be s(-22). List the prime factors of -2*(4158/(-12) + q).
3, 233
Suppose 0 = -2*n + 4 + 2. Suppose w - 2*a = 123, 492 = 5*w - w + n*a. Let p = -22 + w. What are the prime factors of p?
101
Let r(m) = 2*m + 15. Let y be r(-5). Suppose 0 = 2*w, y*i = 4*w - 363 - 267. Let x = -97 - i. What are the prime factors of x?
29
Let i(n) = 16*n - 24. Let c be i(3). Let h be (-3)/c + 201/8. Suppose 4*w + h = 33. List the prime factors of w.
2
Suppose -657721 - 117235 = -52*o. List the prime factors of o.
7, 2129
Suppose -9*o + 7*o = -10. Suppose o*z + 79 = 2*y, -5*y - 3*z = -0*y - 213. Let a = y - 3. What are the prime factors of a?
3, 13
Let o = -517 + 513. Let x(g) = -13*g**3 + 11*g + 5. What are the prime factors of x(o)?
13, 61
Let m = 1008 + -3914. Let n = -1515 - m. What are the prime factors of n?
13, 107
Suppose -200 = -2*f - 212, 0 = -5*s + 4*f + 115749. List the prime factors of s.
3, 5, 1543
Let x(b) = -8*b**2 + 53*b + 27. Let f be x(8). Let h(o) = -o**3 - 4*o**2 - 7*o + 4. Let t be h(-6). Let k = t + f. List the prime factors of k.
3, 19
Suppose 4*d = -3*r + 68706, -212*d + 85872 = -207*d + 2*r. What are the prime factors of d?
2, 3, 53
Suppose 0 = 5*z - 3*h + 3, -7*h - 2 = -2*z - 9*h. Let p(l) = 3*l + 77 + 120 + l**2 - 4*l. List the prime factors of p(z).
197
Let c = 42561 - -785. List the prime factors of c.
2, 21673
Suppose 48 = 37*i - 40*i. Let x = 40 + i. Suppose -6*w + 654 = -x. List the prime factors of w.
113
Let a(k) = 26*k**2 - 4*k - 7. Let h(z) = 25*z**2 - 4*z - 5. Let d(b) = -4*a(b) + 5*h(b). What are the prime factors of d(4)?
17, 19
Suppose -m + 2*s = -822, 3*m - 2690 = -4*s - 204. List the prime factors of (8/(-20) + m/(-10))/(-1).
83
Let p = 11638 + -1853. What are the prime factors of p?
5, 19, 103
Let r(f) = -3*f - 9. Let l be r(-1). What are the prime factors of (-43488)/(-112) + l/21?
2, 97
Suppose -3*x = -3*u + 3432 - 300, 3*u = -5*x + 3076. What are the prime factors of u?
17, 61
Let o(u) = 86*u - 2. Let n be o(-1). Let a = 247 + n. List the prime factors of a.
3, 53
Suppose 11240 = u + 14*z + 2182, -z + 17927 = 2*u. List the prime factors of u.
2, 5, 7
Let g be 40/3*(-5 - -2). Let v = 265 - g. List the prime factors of v.
5, 61
Let j(t) be the first derivative of -t**4/4 - 2*t**3/3 + t**2/2 + 61*t - 28. Let g be j(0). Suppose -g*u + 965 = -56*u. List the prime factors of u.
193
Suppose -5*p - 2268 = -41*p. What are the prime factors of 2/(-7) - ((-87210)/p - -6)?
2, 13, 53
Suppose 4*g = g - 5*r - 3105, 3*r = 0. Let f = g - -1893. What are the prime factors of f?
2, 3, 11, 13
Let w = 14 + -8. Let r = -8073 - -8073. Suppose c - 69 - w = r. List the prime factors of c.
3, 5
What are the prime factors of 5/(-6) + 1/2 - 8466234/(-126)?
2, 37, 227
Let a = -7688 - -10873. What are the prime factors of a?
5, 7, 13
Let s = -563 + 325. Let v = s - -426. What are the prime factors of v?
2, 47
Suppose 2*k = -4*r + 532, 3*k = -4*r - 0*k + 528. Let m = -28 + -25. Let u = m + r. What are the prime factors of u?
2, 41
Suppose -39*v - 42 = -42*v. Suppose 0 = 2*b - z - 24 - v, -3*b = -4*z - 67. List the prime factors of -2*(3/12*4 - b).
2
Let z(g) = -904*g**2 + 1807*g**2 - 11 - 902*g**2 - 8*g. Let i = 32 - 43. List the prime factors of z(i).
2, 3, 11
Let j(c) = 14*c**2 + 0 + 3 - 15 - 14 + c**3 - 17*c. Let s be j(-15). Suppose 6*w - 62 = s*w. List the prime factors of w.
31
Suppose -63*f + 67*f = 21344. What are the prime factors of f?
2, 23, 29
Suppose 0 = 4*c - 2*n - 26150, 3*c + 3*n + 2389 = 22015. What are the prime factors of c?
13, 503
Let y(q) = 7*q**3 + 14*q**2 - 94*q + 28. What are the prime factors of y(9)?
5419
Let g(a) = -3*a**3 - 25*a**2 + 85*a + 41. What are the prime factors of g(-13)?
2, 3, 7, 31
Let f(h) = -2*h**3 - 4*h**2 + 10*h - 1. Let m be f(-5). Suppose 26 = j - m. Suppose 18 = q - j. What are the prime factors of q?
11, 13
Let d(v) = -24*v + 82. Let t be d(3). Suppose -t*r + 1532 = -498. List the prime factors of r.
7, 29
Let c = -133641 - -194084. What are the prime factors of c?
60443
Let o = 28 + -19. Let b be 17/391*-2 + (-830)/(-23). List the prime factors of 5 + o/(b/712).
3, 61
Let h = 476 - 393. Suppose -251 = -21*q - h. What are the prime factors of q?
2
Suppose -4*x + 4 + 36 = 0.